q - 0. What is the highest common divisor of o and 5?
5
Suppose 4*i = 44 - 8. Suppose -n = 3*t - i, -3*n + t + 7 = -0*n. What is the highest common divisor of n and 21?
3
Let s = 39 + 549. Calculate the highest common factor of s and 24.
12
Let g be (44/11)/(2/33). Suppose g = 3*y - 2*y + w, -y + 5*w = -90. What is the highest common divisor of 10 and y?
10
Suppose -2*b + 3*v + 27 = b, -v = -2*b + 23. Suppose 0 = 2*t - 0*t - 2. Let r be -5*t/(10/(-196)). Calculate the highest common factor of b and r.
14
Let b(x) = 9*x + 12. Let i be b(-1). Calculate the highest common divisor of i and 5.
1
Let w be (13 + -15)/((-4)/26). What is the highest common factor of 208 and w?
13
Let b = 3 - -5. Suppose 43 = b*h + 11. Suppose 0 = h*x - 113 - 23. Calculate the highest common factor of x and 85.
17
Suppose -27*z + 21*z = -528. What is the greatest common divisor of 198 and z?
22
Let l = 199 - 41. Let r = -140 + l. What is the greatest common divisor of r and 198?
18
Let t = -4 + 22. What is the highest common divisor of t and 234?
18
Let g(x) = -24 - 4 + 6*x**2 - 10*x - 5*x**2 + 9. Let o be g(12). Calculate the highest common divisor of o and 5.
5
Let x(b) = b**3 + 9*b**2 - 10*b - 4. Let s be x(-10). Let o be s - (125*-1 - -1). What is the greatest common factor of o and 12?
12
Suppose 16*m + 243 = 25*m. Calculate the highest common factor of 891 and m.
27
Let u be (-2)/(2/(-19)) - -1. Let x be 8/(-24)*1 + (-5)/(30/(-482)). Calculate the greatest common divisor of x and u.
20
Let x = -4 - 20. Let b = x + 26. What is the highest common factor of b and 22?
2
Let m be (-2)/3 + (-694)/(-6). Suppose -4*k = -25 - m. Let n be (6/(1 - -1))/(57/95). What is the highest common factor of k and n?
5
Let q(f) = f**3 + 6*f**2 + 3*f - 2. Let d be q(-4). Let l = -32 - -115. Let m = l - 65. Calculate the highest common divisor of d and m.
18
Suppose -2*g = -0*g. Suppose -4*v + 3*d - 18 = -5*v, g = 2*v - 5*d + 19. Let f be 3 + 15/(-3) + v. What is the greatest common divisor of 4 and f?
1
Let i(v) = -v**3 - 9*v**2 - v + 4. Let b be i(-9). Let w be 1*(-8 + 198/2). What is the highest common factor of w and b?
13
Suppose 211*k - 190*k - 462 = 0. What is the greatest common divisor of k and 792?
22
Suppose 4*y = 3*r - 28 + 5, y = 4*r - 22. Suppose -o - r*b = -11, 3*o - 3*b = -2*o - 1. Suppose 0 = 2*f - 5 - 13. What is the highest common factor of o and f?
1
Let p = 1708 + -1666. Let v = 62 + -6. What is the highest common divisor of p and v?
14
Let k(w) be the first derivative of w**4/4 - 11*w**3/3 - 4*w**2 + 6*w + 4. Let v be k(12). What is the highest common factor of v and 27?
27
Let t(h) = 40*h + 85. Let b be t(17). What is the greatest common factor of b and 45?
45
Suppose 3*o - 4*j - 59 = 0, -o - 2*o = 5*j - 14. Let q be (-19448)/204*3/(-2). Calculate the greatest common divisor of o and q.
13
Suppose -y + 5*s = -6*y + 1560, -1564 = -5*y - s. Let d = y + -60. Calculate the greatest common divisor of d and 23.
23
Let y be 9595/57 + -2 + (-15)/(-9). What is the greatest common divisor of 24 and y?
24
Suppose 27*d - 3360 = 6*d. Calculate the greatest common divisor of d and 20.
20
Suppose j + 2*u = -u + 244, -4 = 2*u. What is the greatest common divisor of j and 650?
50
Let g = -2 - -6. Suppose 2*l + 2*s - 6 + g = 0, -l + 21 = -4*s. Suppose -608 + 88 = -l*j. What is the greatest common divisor of j and 13?
13
Suppose 2*g + 5*c = 63, -2*g - 4*c + 60 = -0*g. Let x(z) = -z**2 + 30*z + 454. Let a be x(41). Calculate the highest common divisor of a and g.
3
Let s be -1 - (4 + -1 + -4). Let o = 0 + s. Suppose u - 14 - 12 = o. What is the highest common divisor of u and 65?
13
Let h = 87 - -249. Calculate the greatest common factor of h and 48.
48
Let o = 285 + -280. What is the highest common factor of o and 2?
1
Let q(s) = s + 10. Let t be q(0). Suppose -3*g + 45 = 2*g. Let p = g - -1. What is the highest common factor of p and t?
10
Suppose 48 = 2*u + 2*u + 2*p, 36 = 3*u - 2*p. Suppose -3*g = -6*g + u. What is the greatest common factor of g and 88?
4
Let m(l) = -l**3 + 6*l**2 + 10*l - 9. Let z be m(7). Suppose 2*y + 22 = 5*i - i, y = -2*i + 13. What is the highest common divisor of z and i?
6
Let l(j) = j**2 - 3*j + 7. Let o be l(0). Suppose -6*b = -o*b + 11. Calculate the greatest common divisor of b and 22.
11
Let i = 0 + 0. Suppose 3*z = -i*z - 24. Let m(l) = l**3 + 8*l**2 - 9*l + 8. Let d be m(z). Calculate the highest common factor of 16 and d.
16
Let k(b) = 135*b - 225. Let x be k(8). What is the highest common divisor of 95 and x?
95
Suppose -5376 = 966*g - 974*g. Calculate the highest common divisor of 21 and g.
21
Let r be (-2)/7 - 4/(-14). Let f = r + 18. Suppose 0*l - 4*l + 504 = 0. Calculate the highest common divisor of f and l.
18
Let k be 31/3 + (-4)/(-6). Let d(i) = -91*i + 5. Let x be d(-7). Suppose 5*m + 202 - x = 0. Calculate the greatest common divisor of m and k.
11
Let q be 104/6*(-21)/(-14). Suppose -4*c + 44 = -3*s, -7*c + 41 = -2*s - 2*c. Let f = s - -21. Calculate the greatest common divisor of f and q.
13
Suppose -4*r - 4*j = -3*r - 92, -2*j + 90 = r. Let v = -1562 - -1584. What is the greatest common divisor of r and v?
22
Suppose 3*p + 3*v = v - 39, -2*p - 28 = 2*v. Let z be 9/(-2 + p/(-4)). What is the highest common factor of 12 and z?
12
Let f(b) = -b**3 - 12*b**2 - 13*b + 2. Let j = 25 + -23. Let q be (-69)/6 - j/(-4). Let n be f(q). What is the highest common divisor of n and 60?
12
Let l(u) = 11*u - 53. Let k be l(-8). Let f = k + 207. Calculate the highest common factor of f and 22.
22
Let h(q) = 5*q**2 + 15*q - 47. Let c be h(5). What is the greatest common divisor of c and 9?
9
Let q(s) = -s**2 - 4*s + 48. Let i be q(0). What is the highest common factor of 176 and i?
16
Suppose -16 = -2*y + 4*r, y - 5*r - 9 + 1 = 0. Let x = 12 - y. Suppose 0 = -i + 2 - 0. Calculate the highest common factor of x and i.
2
Suppose -1257 = -8*l - 489. What is the highest common divisor of 3 and l?
3
Suppose c + 151 = 3*c + n, 2*n - 2 = 0. What is the highest common factor of 125 and c?
25
Let v = 32 - 22. Let t = 13 + v. What is the greatest common factor of 92 and t?
23
Let x = -1534 + 1590. What is the greatest common divisor of x and 308?
28
Let b = -32 - -89. Let h = -39 + b. Calculate the greatest common factor of h and 45.
9
Suppose -4*b + 138 = d - 27, 2*d + 70 = 2*b. Let x(l) = l**2 + 3*l + 6. Let v be x(-6). What is the greatest common factor of v and b?
8
Suppose 0 = -89*h + 97*h - 368. Calculate the greatest common factor of h and 598.
46
Let q = -85 + 142. Calculate the greatest common factor of q and 76.
19
Let l(r) = 11*r + 157. Let u be l(-15). Let q(k) be the first derivative of -8*k**2 + 12*k - 1. Let m be q(u). Calculate the highest common factor of m and 20.
20
Let u = -76 + 41. Let h be (-518)/u + (-2)/(-10). Let y = 23 - 8. What is the highest common divisor of y and h?
15
Suppose -400 = -5*h + 315. Calculate the highest common divisor of 77 and h.
11
Let q be 7325/45 + (-2)/(-9). Suppose -5*u + 277 = -q. What is the greatest common divisor of 22 and u?
22
Suppose g = 5*g - 136. Suppose 0 = -2*v + 3*q + 117, -5*q + 3*q = 4*v - 194. Calculate the highest common factor of v and g.
17
Suppose 0 = 3*i + 6*i + 2*i. Let a(x) = x**3 + x**2 - x + 12. Let o be a(i). What is the highest common factor of 4 and o?
4
Let v(w) = 10*w + 98. Let f be v(-5). What is the highest common divisor of f and 64?
16
Suppose -27 = 2*c - 39. Let z be (-9)/3 + (c - -109). What is the greatest common divisor of z and 7?
7
Let k(m) = -2*m. Let f = -1 - 0. Let d be k(f). Let u be 1/(d/18) - -3. Calculate the highest common factor of u and 120.
12
Let b(a) = 20*a + 15. Let v be b(-5). Let q be (-3)/(3/223) - -2. Let m = v - q. What is the highest common factor of 17 and m?
17
Suppose -5*n + 1260 = -0*n. Suppose -48*v + 612 = -31*v. Calculate the highest common divisor of n and v.
36
Let y be 4291/21 + (-1)/3. Suppose 28*f = 32*f - y. Let h(c) = 34*c**3 - c**2 + 2*c - 1. Let k be h(1). Calculate the highest common divisor of f and k.
17
Let z(v) = -16*v - 366. Let c be z(-27). Let h(m) = 4*m. Let s be h(11). What is the greatest common divisor of s and c?
22
Let w be 497 - (0/1 - (2 - -1)). What is the greatest common factor of 10 and w?
10
Let s = -67 + 79. Supp